 -9 - -5. Let l be ((-2)/(-1))/(75 + -74). Let p(f) = 1 - f**l + 13*f - 29*f + 13*f. Calculate p(w).
-3
Let g(a) = -435*a + 177*a + 108*a - 6 + 168*a. Determine g(-4).
-78
Let o(b) = -b**2 - 29*b - 6. Let i = 658 - 687. Give o(i).
-6
Let p be (2 + -1)/((-11)/(-22)). Suppose -5*j + 5 = -5, n - 2*j - 1 = 0. Let o(t) = -10*t + 18*t + 10 - p*t - n*t. What is o(-9)?
1
Let g(q) be the first derivative of -q**4/4 - q**3/3 + q**2/2 + 8*q + 21. Let y = -22 - -22. Determine g(y).
8
Let n = 25 - 25. Let h be 6 + (-8)/4 + n. Let v be 117/(-18) + 2/h. Let x(u) = u**2 + 9*u + 5. Give x(v).
-13
Let n(h) be the third derivative of -3*h**5/20 + h**4/24 - h**3/6 - 110*h**2 + 24*h. Let m be (1 - -2) + (1 - 3). Give n(m).
-9
Let r(y) = -y**3 + 5*y**2 + 5*y - 4. Suppose 0 = -45*o + 54*o - 180. Let l be 1/2*-2*14. Let a = l + o. Determine r(a).
-10
Let o(b) = 6*b**3 - 5*b**3 - 1415*b**2 - 7*b + 0*b - 2 + 1421*b**2. Give o(-7).
-2
Suppose 7*j - 12*j = -25. Suppose j*d - 2*s + 38 = 0, 4*d + s = -0*s - 20. Let m(h) = 5 - 13*h**3 + 27*h**3 + 7*h - 13*h**3 + 7*h**2. What is m(d)?
-1
Let p(b) be the second derivative of b**7/2520 - b**6/240 - b**5/40 - 3*b**4/4 + 74*b. Let i(t) be the third derivative of p(t). Let n = -4 - -7. What is i(n)?
-3
Let x(m) = 15*m**2 - 27*m + 5. Let f(p) = -7*p**2 + 13*p - 2. Let b(j) = 13*f(j) + 6*x(j). Suppose -19*w = 52 - 204. What is b(w)?
-4
Suppose 13524*f = 13538*f - 42. Let q(p) = -1. Let n(u) = u - 8. Let o(a) = -n(a) + 6*q(a). What is o(f)?
-1
Let w(t) = -t**2 - 15*t - 35. Suppose 2574 = -154*v - 44*v. Determine w(v).
-9
Let b(t) = -t + 77 + 86 + 17*t. Let u be b(-10). Let c(x) = x - 3. Calculate c(u).
0
Let k(a) = -a**3 - 7*a**2 - 18*a - 39. Let i be k(-5). Let d(t) = -4*t + 1. What is d(i)?
-3
Let l(t) be the second derivative of -2*t**3 - 321*t**2/2 + 7425*t. Determine l(-26).
-9
Let z = -93 + 132. Let r = 30 - z. Let t(v) = v**2 + 8*v - 9. Determine t(r).
0
Suppose -4*y - 4*v = -8*y - 524, -2*y = 4*v + 268. Let i = y - -123. Let c(p) = p + 3. Determine c(i).
-6
Let x(h) = 2*h**2 - h - 1. Let p(v) = 13*v**2 - 8*v - 11. Let b(a) = 13*a**2 - 8*a - 10. Let c(g) = -3*b(g) + 4*p(g). Let o(m) = c(m) - 6*x(m). Calculate o(5).
7
Let a(r) be the second derivative of -r**4/12 + 19*r**3/6 + 3*r**2/2 + 5*r - 288. What is a(20)?
-17
Suppose -16*d + 11*d + 1845 = -5*m, 5*d - 1845 = m. Let n = d + -363. Let o(v) = v**3 - 8*v**2 + 7*v - 2. Calculate o(n).
-32
Let a be 20/(-8)*4 - -14. Let v(p) be the third derivative of -1/60*p**5 + 0 + 1/4*p**4 - 3*p**2 + 0*p - 2/3*p**3. What is v(a)?
4
Let r(c) = 4*c**3 + c**2 + 51*c - 16. Let j(l) = -3*l**3 - l**2 - 36*l + 11. Let a(f) = -7*j(f) - 5*r(f). Determine a(-5).
-57
Let q(w) = -w + 17. Suppose -155*d + 304 = -193*d. What is q(d)?
25
Suppose -r = -5*k - 35, -k - 284*r - 3 = -285*r. Let o(x) = x**2 + 13*x + 43. Calculate o(k).
3
Let t(m) be the third derivative of -m**5/10 - m**4/8 + m**3/2 + 208*m**2 + 2*m. Calculate t(1).
-6
Let v be -4 - (-70)/(-10) - 12/(-2). Let u(b) = 9*b**2 + 46*b + 1. Calculate u(v).
-4
Suppose 5*j + 18 - 38 = 0. Suppose -6*w = -8*w + j. Suppose -w*t = m - 3*t, -3*m = t. Let x(g) = -g**2 + g + 6. What is x(m)?
6
Let o(d) = d**2 - d - 2. Suppose -a + 17 = c - 0*c, 9 = 2*c - 3*a. Suppose -16*i = -c*i - 16. Let n be (1 + 3)*1/i*2. Give o(n).
0
Let g be 1162/415*(-2 - -8 - 1). Let f(x) be the third derivative of x**4/24 - 11*x**3/6 - 4*x**2. What is f(g)?
3
Let k(d) = -d**3 + 3*d**2 + 4*d. Let x = 302 - 300. Let w be -7 + 7 + (6/1)/x. Determine k(w).
12
Suppose 0 = -19*c + 4*c + 30. Let z(j) = -9 - 4*j + 6*j + c*j. Determine z(4).
7
Suppose -g + 1 = 0, -2*n = -2*g + 74 - 84. Let t(s) = s**2 - s. Let d(v) = -4*v**3 - 8*v**2 + 9*v + 3. Let r(q) = n*t(q) + d(q). Give r(-2).
21
Let q(o) be the first derivative of -2*o**3/3 + 15*o**2 + 4*o + 1542. What is q(15)?
4
Let k(i) = -34 + 317*i**2 - 8*i + 11 + 322*i**2 - 640*i**2. What is k(-8)?
-23
Let l(h) = -3 + h**2 + 3*h**3 + 0*h**2 + 1. Let t(z) = z**3 - 6*z**2 - 28*z + 10. Let y be t(9). Let a be l(y). Let g(o) = -4*o**2 - o - 1. Calculate g(a).
-19
Let h(w) = 13*w**3 - 16*w**2 + 41*w**3 - 23 + 22*w**3 - 77*w**3 + 35*w. What is h(-18)?
-5
Let m(x) = 2*x. Let z be m(-6). Let o(n) = 402*n + 13 - 1613*n - 6 + 399*n + 406*n + 408*n. Calculate o(z).
-17
Let f(b) = b**3 - 3*b**2 + 2*b + 1. Suppose -7*a = -2*a - 15. Let r be a - (-1 + 4 + (-2 - 1)). Let j be ((-1)/r)/((-11)/(-6) + -2). Determine f(j).
1
Let m = -58 + 123. Let f = 125 - 191. Let x = m + f. Let q(z) = 5*z - 1. Calculate q(x).
-6
Let b(v) = -6*v - 43. Let a be -35*(296/(-20) - -15). Give b(a).
-1
Let n = 128 + -127. Let f(i) = -3985*i**2 + n + 3 + 4*i - 3 + 3986*i**2. Calculate f(-3).
-2
Let i(r) be the first derivative of r**2 + 26*r + 3485. What is i(23)?
72
Let y(g) = 10*g**2 + 5 - 5 + 49*g**3 - 96*g**3 + 48*g**3. Let m(c) = -c**2 - 10. Let d be m(0). Determine y(d).
0
Let i(f) = -8*f**2 + f + 1. Let r(p) = p**3 - 103*p**2 - 27*p - 184. Let j(m) = -8*i(m) + r(m). Determine j(40).
8
Suppose 24*x + 360 = 96*x. Let y(h) be the third derivative of 0*h - 33*h**2 - h**3 - 1/60*h**x + 13/24*h**4 + 0. Give y(12).
6
Let c(z) = -z**3 + 37*z**2 - 5*z - 8. Let a(f) = 2*f**3 - 79*f**2 + 10*f + 15. Let k(h) = -6*a(h) - 13*c(h). Calculate k(4).
-14
Suppose -n = -2*n + 2. Let m(a) = -a**3 + 1 - a - n*a**2 + 0*a + a + a. Suppose 58*i - 57*i + 3 = 0. What is m(i)?
7
Let h(b) be the first derivative of 2*b - b**2 - 2/3*b**3 - 30. Suppose -5 + 1 = d. What is h(d)?
-22
Let h(w) = -w**2 + 9*w - 15. Let j = 1704 + -1696. Give h(j).
-7
Suppose 5*p = 2289 + 5906. Let i(m) = m**3 - 1638*m + 3282*m - p*m - 5*m**2. Give i(4).
4
Let j = 6201 - 6196. Let f(p) = -3*p + 9*p - 2*p - p**2 + 7*p - 6. What is f(j)?
24
Let x(o) be the second derivative of -o**5/20 - o**4/3 - o**3 - 7*o**2/2 + 12*o - 13. Give x(-5).
48
Let g(d) be the third derivative of -d**6/120 + d**5/5 - 5*d**4/12 + 4*d**3/3 + 3*d**2 + 35. Determine g(11).
19
Let c(m) = 14*m**2 + 36*m + 1. Let f(u) = -29*u**2 - 60*u - 2. Let x(l) = 5*c(l) + 3*f(l). Let a be ((-14)/4 + 3)*-2. Determine x(a).
-18
Let o = 64 + -56. Let l(k) = -9*k**2 - 3 - o*k + 8*k**2 + 6*k - 1. What is l(-3)?
-7
Let o(v) = 2*v**2 + 10*v - 49. Let a be -9 - (1/(-4))/(2970/(-176) - -17). Calculate o(a).
-21
Suppose 10*t - 152 = 28. Suppose 5*n - 2*n - t = 0. Let b(k) = -k**2 + 7*k - 1. Let c be b(n). Let w(y) = -y**2 + 5*y + 5. Calculate w(c).
5
Suppose 10*j + 60 = 5*v, -2*v + 3*v + 8 = -2*j. Let o(r) be the third derivative of r**6/120 + r**5/12 + r**4/24 + r**3/2 + 2*r**2. Calculate o(j).
-2
Let f = -3677 - -3683. Let m(x) = x**2 - 4*x - 1. What is m(f)?
11
Suppose -66*m + 39 = -27*m. Let q(t) = -t**3 - 2*t**2 + 6*t - 4. Determine q(m).
-1
Let s(n) be the second derivative of n**4/6 + n**3 + 2*n**2 + 6*n - 1. Suppose 5*w - 13*p = -15*p - 20, 2*w = 4*p - 8. Give s(w).
12
Let i(d) be the second derivative of 0 - 46*d - 3*d**2 + 1/2*d**3. Calculate i(5).
9
Let s(x) be the third derivative of x**4/24 - 4*x**3/3 + 2*x**2. Let h be (690/(-20) + 34)*2*-8. Determine s(h).
0
Let q(f) be the third derivative of f**4/8 + 23*f**3/3 + 44*f**2 - 26. Calculate q(-21).
-17
Let y(t) = 3*t**2 - 4*t + 5. Let u(l) = -l**2 + 7*l + 46. Let w be u(11). Suppose w*z - 6*z + 20 = m, -m - 4 = -2*z. What is y(z)?
37
Let v(r) = -5*r**3 + 10*r**2 - r + 1. Let u(a) = -4*a**3 + 9*a**2 - a. Let i(b) = 6*u(b) - 5*v(b). Let f(q) = 70*q + 276. Let l be f(-4). Determine i(l).
-1
Let f = -285 + 300. Suppose 4*l = -2*a + 4 + 16, 4*a - 3*l + f = 0. Let x(w) = w**3 - w - 4. Calculate x(a).
-4
Let p(s) = s - 2. Let r be p(3). Let n(a) be the third derivative of a**4/6 + a**3/6 - 124*a**2. Let m(w) = 9*w + 4. Let t(v) = -2*m(v) + 7*n(v). What is t(r)?
9
Let j(s) = 187*s + 347296 - 186*s - 347289. Let f = -27 - -18. Give j(f).
-2
Let z(k) = -2*k**2 - 6*k. Suppose 0 = -53*h + 37*h - 64. Give z(h).
-8
Suppose 299*q - 485 = 256*q + 160. Let x(z) = -z**3 + 13*z**2 + 20*z + 34. Give x(q).
-116
Let c be ((-46)/(-8))/((-45)/(-140) + 4/(-7)). Let n(i) = -i**3 - 22*i**2 + 27*i + 63. Calculate n(c).
-29
Let w(z) = 2*z**2 - 1. Let c be 5 + (-3 - 1) + 4. Suppose c*n + 26 + 3 = -2*d, n = -2*d - 9. Calculate w(d).
7
Suppose 4*n = -2*g + 24, 2*n = 8*g - 10*g + 14. Let k(r) = r + 12 - r**g + 6 - 18. Suppose -j = -0*j - 4. Give k(j)